on factor of q and a?
20
Suppose 2*z = -0*z + 304. Suppose r - z = -r. Let x = -50 + r. Calculate the greatest common divisor of 65 and x.
13
Let r be 1/4 + (-795)/(-20). Calculate the highest common factor of 10 and r.
10
Let f(a) = -a**3 - 6*a**2 + a + 8. Let v be f(-6). Let i be -2 - -4*v/(-4). Let w be 40/(-12)*54/i. What is the highest common divisor of w and 9?
9
Suppose 4*t + 3 = -3*r + 15, -5*t + 15 = -4*r. Suppose r = -5*g + 56 + 49. What is the greatest common divisor of g and 21?
21
Suppose -10 - 8 = -3*z. Let v be (9/z)/(-3)*-24. What is the highest common divisor of v and 108?
12
Suppose 5*p - f - 2*f = 78, 3*p = 4*f + 38. Let v(l) = l - 7. Let s be v(0). Let g = p + s. What is the highest common divisor of 22 and g?
11
Let n(t) = -t + 19. Let r be n(14). Let h = r + 70. What is the greatest common divisor of h and 15?
15
Let g = 80 + -56. Let y = 273 + -81. What is the greatest common divisor of g and y?
24
Let r(q) = 4*q**2 + 4*q. Let h be 2/(-3) + 20/3. Let f be r(h). What is the greatest common divisor of 21 and f?
21
Let t(j) = -4*j**2 + 34*j + 5. Let w be t(5). What is the greatest common factor of w and 25?
25
Suppose 5*c + 45 = 3*o + c, 0 = -c. What is the greatest common factor of 15 and o?
15
Suppose 0 = 5*c - 20 - 45. Let x be 7/((-3)/(-15) - 0). Let m = c + x. Calculate the highest common divisor of m and 120.
24
Suppose 4*r + 2*y = r + 33, 2*r = 3*y + 22. Calculate the highest common factor of 99 and r.
11
Let w be -2*(2 + -1) - -11. Let k = w - 3. Calculate the greatest common divisor of 6 and k.
6
Let v(w) be the third derivative of -w**6/120 - 7*w**5/60 - w**4/6 - 17*w**3/6 - 8*w**2. Let o be v(-7). What is the greatest common divisor of o and 55?
11
Let m be 2/(-4) + 34/4. Let h = -40 + 64. Calculate the highest common divisor of h and m.
8
Suppose 95 - 347 = -7*n. Calculate the highest common divisor of 9 and n.
9
Let u(g) = g**3 + 1. Let s be u(-1). Let z be s + 0 + 2 + 18. Calculate the greatest common divisor of 60 and z.
20
Let u be (-1)/2*(0 + -6). Suppose 0 = -2*r + 15 - 3. Let h be 7/((-4)/r - -1). Calculate the greatest common divisor of h and u.
3
Suppose -4*z - 3*p = -349, 34 = 4*z - 5*p - 355. Let y(g) = g**3 - 5*g**2 + 4*g - 7. Let j be y(5). Calculate the greatest common divisor of j and z.
13
Let w be (4 - -35) + 1/1. What is the highest common divisor of 10 and w?
10
Suppose 10*u - 238 = 9*u. What is the highest common factor of 14 and u?
14
Suppose -20 = -7*d + 2*d. What is the highest common factor of 4 and d?
4
Suppose -3*l - l - 4*d + 12 = 0, 4*d - 4 = 0. Let p be 2/(-4)*l - 0. Let o be p + 7 + -2*1. What is the highest common factor of 4 and o?
4
Let a be -2*(-1 - 0)/1. Suppose 3*f = -a*t + 3, 18 = 4*t - 0*f + 2*f. What is the greatest common divisor of t and 66?
6
Let i = -8 + 11. Suppose -14 = -4*q - 4*r + 2*r, r - 2 = i*q. What is the greatest common divisor of 11 and q?
1
Let q(f) = f**3 - 4*f**2 + 6*f - 3. Let p be q(5). Suppose -2*u - 5*c = -p, 5*c + 12 = 2*u - 0*u. What is the highest common divisor of 64 and u?
16
Let d = -61 - -94. What is the highest common divisor of d and 22?
11
Let y be ((-1)/(-1))/((-3)/(-21)). Calculate the greatest common divisor of 7 and y.
7
Let x(l) = l**3 + 4*l**2 + 6. Let b be x(-3). Let h = -142 + 217. Calculate the highest common factor of h and b.
15
Suppose 0 = -2*n + 4*s + 100, 4*n - s - 175 = 2*s. Suppose 0 = -2*r - r. Let o be 97 + r - (-3)/1. Calculate the greatest common divisor of n and o.
20
Let f be -8*((-62)/8 - 3). Calculate the greatest common factor of f and 43.
43
Suppose 11 + 28 = 3*v. Let r = v - -69. Let h = r + -59. Calculate the greatest common factor of 46 and h.
23
Suppose 3*x - 20 = -x. Suppose -x*t + l + 56 = 0, 2*t + 3*l - 19 = -0*t. What is the greatest common divisor of t and 11?
11
Suppose -5*t + y + 2*y = 19, 3*t + 12 = 2*y. Let g be 0*(-1)/t + 11. Let m(h) = 10*h + 1. Let a be m(1). Calculate the greatest common factor of a and g.
11
Let h(r) be the first derivative of -r**4/2 - 5*r**3/3 + 2*r**2 + 2*r + 8. Let q be h(-4). What is the highest common divisor of 17 and q?
17
Let a be (14/35)/(1/5). Let q be a + 12*1 + 2. Let p = 45 - -35. Calculate the greatest common factor of q and p.
16
Let d(u) = u**2 + 6*u - 12. Let n be d(-9). What is the highest common factor of 165 and n?
15
Suppose 5*s - 21 = 8*s. Let g be (-14)/(-5) + s/(-35). Calculate the greatest common factor of 1 and g.
1
Let j(c) = -8*c - 8. Let p be j(-3). Let r = -4 + 7. Suppose 20 = 5*s, -5*d + r*d + 8 = s. What is the greatest common divisor of p and d?
2
Let k be -4*(-20)/8*1. Suppose -k = -h + 15. What is the highest common divisor of h and 10?
5
Suppose 12*p - 14*p + 6 = 0. Calculate the greatest common divisor of 24 and p.
3
Let c = 9 - 1. Let i(u) = 4*u**2 - 7*u - 1. Let q be i(5). What is the highest common divisor of q and c?
8
Let u(b) = -1 + 0 - 2 - 3*b. Let i be (-2)/(-4)*5/((-10)/12). Let o be u(i). Calculate the greatest common factor of 15 and o.
3
Let l(k) = k + 18. Let t be l(0). Suppose 4*s - 2*s = t. Suppose s*p + 3*f - 20 = 4*p, f - 16 = -4*p. What is the greatest common factor of 36 and p?
4
Let d(n) = -n**2 - n + 17. Let o be d(0). Suppose o = k - 25. Let m = -20 + k. What is the highest common divisor of 33 and m?
11
Suppose 5*y - 5*j - 38 = -6*j, -4*j = 4*y - 24. Suppose -2*d + 2 = -0, 3*h - 5*d = -2. What is the greatest common factor of y and h?
1
Suppose -5 = 5*f, 5*a + 2*f + f = 267. What is the highest common factor of a and 81?
27
Let x = -1 - 2. Let j be (x/2)/(3/(-30)). Calculate the greatest common divisor of j and 60.
15
Let z(p) = -3*p + 1. Let r = -17 - -14. Let o be z(r). Calculate the greatest common divisor of 70 and o.
10
Let l(q) = -2*q - 4. Let p be l(5). Let k be 12/9*p*-3. What is the highest common factor of 8 and k?
8
Suppose -612 = -0*v - 4*v. What is the highest common factor of v and 51?
51
Let a(n) = 7*n - 1. Let x be a(1). Let i(o) = o**2 + o - 6. Let g be i(6). Let c be (g/(-30))/((-1)/15). Calculate the highest common divisor of x and c.
6
Suppose -2*u - 3*u = -4*w - 60, -u = 3*w + 7. Suppose -320 = -7*i + 3*i. What is the greatest common factor of u and i?
8
Suppose 5*b = -2*z + 50, -b = z - 47 + 16. Calculate the greatest common divisor of z and 105.
35
Let a(v) = -v**3 + 5*v**2 + 8*v - 8. Let t be a(6). Let c be 3/(t/(-7) + 1). Let l be 838/4 - c/14. Calculate the highest common factor of 19 and l.
19
Suppose -5*s + 2*o + 70 = 0, -5*s - 2*o + 19 + 51 = 0. What is the greatest common factor of s and 112?
14
Suppose 2*q - 3*x = 42, 5*x - 3*x - 7 = -q. What is the greatest common factor of 15 and q?
15
Let w be 2 + ((-8)/1)/4. Suppose 24 = m - 3*t, -3*m - t + 22 = -w*t. Calculate the highest common divisor of m and 6.
3
Suppose 3*a - 5*a - 78 = 0. Let m be 3/(2 - (-69)/a). What is the highest common divisor of 13 and m?
13
Suppose -5*s = -4*a + 11, a = 3*s - 0 + 1. Let h = 46 + a. What is the highest common factor of h and 25?
25
Let w(h) = 2*h**2 + h - 1. Let n be w(-5). Let c be (-1 - (1 + -2)) + n. What is the highest common factor of 66 and c?
22
Suppose -4*t = 11 - 27. Suppose -t*k + 23 = c, k - 3*k = c - 13. Let i be 226/6 + c/9. What is the greatest common factor of 95 and i?
19
Let x(s) = -s - 4. Let o be x(-5). Suppose 5*u + 34 = -26. Let k(f) = f**3 + 11*f**2 - 12*f + 4. Let j be k(u). What is the highest common divisor of o and j?
1
Suppose 0 = -4*a + a + 270. Suppose 0 = h + 2*h - a. What is the highest common divisor of h and 75?
15
Suppose 5*o - 16 = 4. Suppose 0 = 2*g + o*y - 2, 4*y + 2 = g + 13. Let p be (3/g - 0)*-3. What is the highest common factor of p and 6?
3
Suppose 19 = 2*x - 125. Let q be 11 - ((0 - -2) + 0). What is the highest common divisor of q and x?
9
Let a = -5 + 10. Suppose -u - 3*k + 11 = -2*k, 4*k = a*u - 73. Calculate the highest common divisor of u and 26.
13
Let c(f) = -f**3 + 3*f**2 - f + 1. Let r be c(2). Let a be 1*(-56)/r*-9. Let m = -49 + 70. Calculate the greatest common divisor of m and a.
21
Suppose -2*x + 6 = -3*x. Let s be 3/2 + (-711)/x. Calculate the highest common factor of s and 12.
12
Let n = -25 - -70. What is the highest common divisor of 9 and n?
9
Suppose -5*t - 4*o + 3 = 0, 2*t - 2 = -o + 1. Calculate the highest common divisor of 33 and t.
3
Le